5 = -3*j, 3 = 2*j - 5*j. Let g be v(p). Calculate r(g).
-16
Let f = 3587 + -3591. Let k(l) = 6*l**2 - l - 11. Calculate k(f).
89
Let j(y) = y**2 + 23*y + 48. Let b be j(-22). Suppose 46 = -4*o + b. Let r(h) = -4*h - 2 + 0 + 1 + 5*h. Give r(o).
-6
Let x be ((-6)/9)/(1*1/(-6)). Suppose 15*y + 22 = x*y. Let w(q) = 2 + 1 + 2*q - 3*q**2 + 2*q. Determine w(y).
-17
Let d(a) = a**2 + 3*a - 8. Let p be (-396)/22 - (-54)/3. Determine d(p).
-8
Let o = 11 - 19. Let s(g) = 46 + 46 - 237 + 42 + 41 - g + 49. Calculate s(o).
-5
Let a be 38/(-4) + (-3)/6. Let m = a + 4. Let u(q) be the second derivative of q**4/12 + 2*q**3/3 - 4*q**2 + 1986*q + 6. Determine u(m).
4
Let u = -16199 + 16187. Let g(w) = -w**2 - 8*w + 46. Determine g(u).
-2
Suppose -3*i - 488 = -494. Let q(l) = l**2 + 15 + 0*l**i - 4*l + 22*l. What is q(-17)?
-2
Suppose 10*t - 214 = 11*t - 418 + 208. Let l(u) = u - u**3 + u + 2*u**3 + 5 + 4*u**2. What is l(t)?
-3
Let r(h) = 25*h**2 - 18*h + 10. Let o(d) = -16*d**2 + 12*d - 7. Let k(n) = 7*o(n) + 5*r(n). What is k(-2)?
65
Let k(m) be the third derivative of -m**6/60 + 11*m**5/60 + 7*m**4/24 - m**3/3 + 69*m**2. Determine k(6).
4
Suppose -225*n + 120*n + 315 = 0. Let v(u) be the first derivative of -16*u + 5*u**2 + 1/3*u**n + 37. Give v(-11).
-5
Let k(s) be the third derivative of s**5/60 + 7*s**4/24 + 2*s**3/3 - 15*s**2. Let d be k(-7). Let r(w) = -4 + d - 2*w**2 + 2*w + w**2. Determine r(2).
0
Let p = 455 + -452. Suppose -p*s = 2*r - 15, 12*s - 8*s + 3*r - 19 = 0. Let n(l) = -l - 5. Give n(s).
-12
Suppose n - 11*l - 29 = -4*n, -3*n = -l - 23. Let c(k) = -11*k - k**2 + 3*k + 0*k**2 + 2*k**2. Give c(n).
0
Let d(a) = 2 + 13*a**2 - 5009*a**3 + 6*a + 5010*a**3 - 1 - 7*a. Suppose -3*s - 19 = t, 3*t + 3*s + 63 - 18 = 0. What is d(t)?
14
Let m(o) be the first derivative of -23*o**2/2 + 409*o + 10109. Calculate m(17).
18
Let h(j) be the second derivative of -5*j**3/3 - 3*j**2/2 + 6*j. Suppose -31*u + 46 = -54*u. Determine h(u).
17
Let c(s) = 13*s - 290 + 287 - 2*s**2 + 13*s - 40*s. Give c(-4).
21
Let g(t) = -2*t - 1. Let z = -10 - -10. Suppose z = -3*s + 3*n + 23 - 2, -3*s - 5*n = 19. Let l(j) = -5*j - 15. Let o(h) = s*g(h) - l(h). Give o(-7).
6
Let n(c) = 20630*c + 84 - 41213*c - c**3 + 20618*c - 33*c**2. What is n(-34)?
50
Suppose -3*z + 3 = -3. Let f(m) = -z*m + 0*m - 50 - m**2 - 51 + 99. Let o be 5/5 + 4 + -7. Determine f(o).
-2
Let k = -5 + 8. Suppose -9*x + 1 = -17. Let a(v) = -52 + 161 - 55 - 55 + x*v. What is a(k)?
5
Let p(j) = j**2 + 2*j + 1. Let n(i) = -2*i**3 - 3*i**2 + 11*i + 4. Let d be n(2). Determine p(d).
1
Let m(g) = 22*g - 207. Let u(b) = -18*b + 196. Let a(l) = -6*m(l) - 7*u(l). What is a(-21)?
-4
Let t(p) = 2*p - 13. Let g(s) = s - 7. Let a(l) = -5*g(l) + 3*t(l). Let x(o) = -2*o**2 + 290*o + 8110. Let j be x(-24). Give a(j).
-6
Let q = -320 + 316. Let g(h) be the first derivative of -1/3*h**3 - 4*h - h**2 + 1. Determine g(q).
-12
Let j(k) = -132 + 3*k + 426 - 136 - 159. Suppose 9*o = -v + 4*o + 16, 0 = -4*v + 3*o - 5. Give j(v).
2
Let f be -3*(24/18 - (1 - -1)). Let u(o) = 36*o + 40*o - 4 - f - 79*o. Calculate u(-4).
6
Let h(t) be the first derivative of 2/3*t**3 + 50 - 4*t**2 + 4*t. Determine h(4).
4
Let y = 29003 + -28974. Let t(l) = 5*l - 163. What is t(y)?
-18
Let n = -8 + 8. Let i be n/(-2) - (3 - 3). Let s(x) = x**3 + x**2 - x - 6. Let l be s(i). Let c(k) = k - 1. What is c(l)?
-7
Let m(d) = d - 1. Let r(y) = -13*y + 6. Let h(a) = 10*m(a) + 2*r(a). Let b(x) = x**2 - 2*x - 33. Let z be b(7). Determine h(z).
-30
Suppose -3*x + 112*d = 114*d + 64, 92 = -4*x - 4*d. Let t(c) = -3*c - 27. Determine t(x).
27
Let b be 6*4/72*(-1 - 2). Let x be (-120)/(-40)*((-4)/(-6) - b). Let w(i) = i**3 - 3*i**2 - 7*i + 3. Calculate w(x).
18
Let i(r) be the first derivative of r**3/3 - 9*r**2/2 + 5*r - 26. Suppose -4*q + 40 = 16. Let s be q - (4 + -4 + -1). Give i(s).
-9
Let t(k) = -k**3 - 11*k**2 + k + 12. Let g(d) = 18*d - 2. Let u be g(1). Suppose -u*q = 27 + 149. What is t(q)?
1
Let y be (-2*2/12*1)/((-268)/(-1608)). Let s(c) = 4*c**2 - 10*c - 21. What is s(y)?
15
Let g(w) = 5776*w + 12 - 5774*w + 7. Let r(q) = q + 9. Let u(t) = 6*g(t) - 13*r(t). Determine u(-1).
-2
Let j(c) be the second derivative of -25*c**3/6 + 1341*c. What is j(-2)?
50
Let l(o) = 130*o - 129*o - 75*o + 212. Determine l(3).
-10
Let s(n) = -4*n + 11. Suppose 2*j + 5*i + 0*i - 1506 = 0, j - 756 = -i. Let k = j - 753. Give s(k).
-9
Let x(j) = 2*j**3 - 14*j**2 - 7*j + 34. Let o(y) = y**3 - y**2 + y + 1. Let s(r) = 3*o(r) - x(r). What is s(-9)?
41
Let s(p) be the second derivative of 3*p**2 + 0 + 2/3*p**3 - 1/2*p**4 - 1/20*p**5 - 125*p. Calculate s(-6).
-18
Let p = 12239 + -12240. Let k(z) = -74*z - 3. Calculate k(p).
71
Let q be 66/14 + (-3 - 92/(-28)). Suppose -q*t + 4 = -21. Suppose -t*b = 4*v + 5, b - 5 = 2*v + 4*b. Let x(i) = i**2 - 3*i - 1. Determine x(v).
9
Let d(f) = 24*f**3 + 2*f**2 + 2*f + 1. Suppose -177*p = -175*p - 292. Let i = 145 - p. What is d(i)?
-23
Let d(p) be the first derivative of -p**6/180 - p**5/15 - p**4/6 + 2*p**3 - 1. Let s(y) be the third derivative of d(y). Let r = 135 - 140. Calculate s(r).
-14
Let i = -2459 - -2467. Let r(l) = -l**3 + 6*l**2 + 15*l - 2. Calculate r(i).
-10
Let i = 118 - 120. Let m be (-1)/((-2)/(-8)*i). Let k(x) = 34 - 52 + 7*x + x**m + 26. Determine k(-7).
8
Let n be (22/6 + -1)*3. Suppose 4*z = -0*z - n. Let s(k) = -14*k**3 + k**2 - 16*k + 7. Let m(t) = -3*t**3 - 3*t + 1. Let p(y) = -5*m(y) + s(y). Determine p(z).
0
Let k(m) = -4*m**3 + 67*m**2 - 31*m + 149. Let i(r) = 5*r**3 - 84*r**2 + 39*r - 186. Let w(g) = -15*i(g) - 19*k(g). What is w(13)?
11
Let s be (-47)/(112800/(-28820)) - (1 - -11). Let v(z) be the third derivative of -s*z**6 - 1/4*z**4 + 3*z**2 + 1/3*z**3 + 1/12*z**5 + 0 + 0*z. Calculate v(4).
-6
Let w(i) = -8*i**3 - 145*i**2 - 16*i - 2. Let t be w(-18). Let s(x) = -6*x - 234. Determine s(t).
-6
Let t(a) = -a**2 + 16*a - 20. Let f(r) = r**3 + 26*r + 11. Let c be f(0). What is t(c)?
35
Let v(y) = 2*y + 6. Let k(d) = d - 6 + 19 - 11. Let o be (16 + -13)*(-1 + 2). Let a(j) = o*v(j) - 10*k(j). What is a(-2)?
6
Let v(c) be the second derivative of c**5/20 - 3*c**4/4 + 8*c**3/3 + 6768*c. Calculate v(7).
14
Let k(n) = n**2 - 13*n + 26. Let g(l) = -l**2 + 20*l - 72. Let r be g(6). Determine k(r).
14
Let h(q) = -1. Let m(l) be the first derivative of 0*l + 3/2*l**2 + 13. Let o(w) = 3*h(w) - m(w). Give o(-4).
9
Let h = -9377 - -9383. Let k(f) = f**3 - 8*f**2 + 15*f - 12. Give k(h).
6
Let d(q) be the first derivative of -q**6/120 - 11*q**5/60 - 5*q**4/24 + 2*q**3 + 263*q**2/2 - 46. Let f(v) be the second derivative of d(v). Give f(-10).
-38
Let a be (-17 + -6 + 31)*2. Let t(q) = q**2 - 12*q - 81. Give t(a).
-17
Let v(o) = -40*o + 10*o + 7*o + 13*o + 2. Determine v(5).
-48
Let s(z) be the third derivative of z**4/24 + 2*z**3/3 + 454*z**2 + 4*z. Calculate s(2).
6
Let r(z) be the first derivative of z**3/3 + 3*z**2/2 - 6*z + 3. Let j be r(-6). Let x(d) = 4*d - d - 5 - d**2 - j*d. What is x(-4)?
15
Suppose 63*c + 528 = -46*c - 23*c. Let d(b) = 0*b + 0*b**2 + 5*b**2 - 6*b - 3*b**2. Let u(l) = l**2 - l. Let z(r) = 2*d(r) - 6*u(r). What is z(c)?
-8
Let y(q) be the first derivative of -q**4/4 - 7*q**3/3 - q**2/2 + 8*q + 3. Let t(h) = h**2 - 58*h + 106. Let c be t(56). Determine y(c).
-22
Let s(k) = -64*k**2 + 7*k + 1 + 188*k**2 - 61*k**2 - 62*k**2. Let f be 182/(-39) - ((-2)/3 + 2). Give s(f).
-5
Suppose 36 = -1083*c + 1086*c - 3*h, 0 = c - 4*h - 9. Let p(a) = 2*a**2 - 24*a + 8. Give p(c).
34
Let l(a) = 8*a + 2. Let v(u) = -3*u. Let b(r) = 5*r. Let j(h) = -b(h) - 2*v(h). Let q(x) = -4*j(x) + l(x). What is q(4)?
18
Let d = 10514 + -10514. Let w(u) = u**2 + 5*u + 5. Let s(v) = -v. Let a(i) = -6*s(i) - w(i). Calculate a(d).
-5
Suppose 5*d = -3*a + 2*d + 18, -a + 2*d = 6. Let y(f) = -f**2 + 4*f - 2. Let l(w) = 3*w**2 - 13*w + 7. Let x(h) = a*l(h) + 7*y(h). What is x(1)?
1
Let f(t) = t**3 + t**2 - 21*t + 1. Let g be f(-5). Let m(s) = 2*s + 19. What is m(g)?
31
Let m(z) = -z + 7. Let y be m(4). Let c(l) = 5 - y + 4 + 2*l. Suppose -21 = -21*x + 24*x. What is c(x)?
-8
Let l(h) = -11*h - 20. Let g be 3*1/(-9)*(165 - 3)/9. What is l(g)?
46
Let r(s) = -s. Let i(a) = -a**3 - 2*a**2 - a. Let d be i(-2). Suppose 4 = 39*z + 82. Let v be z/d + 2/(-1)*-1. 